be the third derivative of h(w). What is s(-6)?
-19
Let b(f) = -6*f - 1. Let p(x) = x**2 + 9*x - 9. Let u be p(-10). Suppose 2*r - u = 3*r. Determine b(r).
5
Let w be ((-4)/(-1))/(10/45). Suppose -2*y + y - 18 = -5*k, 4*y = 2*k - w. Suppose -g - k = -2*g. Let a(b) = -b**2 + 6*b - 1. Give a(g).
8
Let c(q) = -6*q**2 - 16*q - 6. Let u(k) = k**2 + k + 1. Let n(s) = c(s) + 5*u(s). Determine n(-7).
27
Let x(w) be the third derivative of w**4/12 - 7*w**3/6 + w**2. Let r be -41 - 5*(0 - (-9)/15). Let n = 49 + r. Calculate x(n).
3
Let x(h) = -h**2 + 8*h + 4. Let y = 123 + -109. Suppose -4*k = -5*l + 44, -2*l + 0*k - 2*k = -y. What is x(l)?
4
Let t(a) = 3*a**2 - a - 1. Let n be -3 + (3 + 3 - -2). Suppose n*z = -0*z + 10. Suppose 2*p = 2*j + 8, -j = -z*p + 2*j + 10. What is t(p)?
9
Let c(v) be the third derivative of 17*v**6/60 + v**5/60 - v**3/6 - 295*v**2. What is c(-1)?
-34
Let p = 14 - 23. Let i = p - -9. Suppose i = g + 4*a - 4, 4*g - 7 = -4*a + 9. Let s(m) = -m**3 + 5*m**2 - 2*m - 3. Calculate s(g).
5
Let w(c) = 3*c - 1. Let y = 20 + -14. Suppose -30*o + y = -27*o. Give w(o).
5
Let a(n) = -n**2 + n - 1. Let b(r) = -4*r**2 + 12*r + 2. Let z(l) = 5*a(l) - b(l). Suppose 3*y = -2*w - 14, 0 = 3*y - 5*w + 1 + 48. Give z(y).
-15
Let x(y) = -y**3. Let h(c) = -c**2 - 11*c - 22. Let a be h(-9). Let i(o) = -5*o**3 + 5*o**2 + 2*o + 1. Let k(n) = a*x(n) + i(n). Determine k(5).
11
Suppose k + 10 = -4*b + 17, -5*b + 11 = 2*k. Let l(s) = 0 + 0*s + 2*s - 2*s**2 + 2. Determine l(k).
-10
Let w(c) = c**2 - 18*c. Let m(f) = f**2 - 18*f - 1. Let h(r) = -6*m(r) + 7*w(r). Determine h(18).
6
Let a = 5 + -1. Suppose 13*s - 12*s - a = 0. Let y(k) be the third derivative of k**5/60 - 5*k**4/24 + k**3/2 - k**2. Calculate y(s).
-1
Let h(m) be the first derivative of 11/2*m**2 - m - 1/6*m**3 + 7. Let x(s) be the first derivative of h(s). Determine x(5).
6
Let f(n) = n**3 - n**2 + n. Let b(u) be the first derivative of u**4/4 - 4*u**3/3 + 3*u**2/2 + 9. Let k be b(3). Suppose k*i = i. Give f(i).
0
Suppose -171 = 48*q + 69. Let c(s) = -s**2 - 4*s - 7. Calculate c(q).
-12
Let k be (1/2)/((-3)/(-12)). Let a(t) = -4*t**2 - t**3 - t + k*t**3 - 2*t**3 - 1. What is a(-4)?
3
Let s(u) = -2*u + 2. Let l be 24/36 - 116/(-6). Suppose -l + 16 = a. Give s(a).
10
Let i(z) = -z**3 - z**2 + 5*z + 3. Let v be ((-60*1)/(-4))/(-1). Let j = v - -12. Calculate i(j).
6
Suppose -22*d - 97 = -251. Let t(h) = -h**2 + 9*h + 1. Determine t(d).
15
Let w(o) = -5*o - 20. Let i be 2/((-14)/21) + -3. Determine w(i).
10
Suppose 158 = -21*i + 32. Let x(t) = 6*t**2 + 8 - 3*t**2 + 5*t - 2*t**2. What is x(i)?
14
Let l(h) = -h**3 + 9*h**2 + 10*h + 5. Suppose 0 = -49*r + 52*r - 30. Calculate l(r).
5
Let h = -1480 + 1487. Let a(k) = -k**2 + 15*k - 52. Determine a(h).
4
Let u(h) = -5*h**3 + 8*h**2 - 8*h + 11. Let p(d) = -d**3 + 2*d**2 - d + 1. Let f(x) = 6*p(x) - u(x). Calculate f(4).
3
Let f be 2 - -1 - (-2 + 5). Let s(v) = -v + 13. Let w be s(8). Let z(b) = b**3 - 9*b + 9*b + w - b**2. What is z(f)?
5
Let m(q) be the first derivative of q**4/2 - q**3/3 - 3*q**2 + 7*q - 235. Give m(2).
7
Let h(t) = t + 3. Let g(i) = 3*i + 54. Let w(c) = g(c) + h(c). Determine w(-13).
5
Let u(x) = -x**2 + 6*x + 5. Let p be u(6). Let z(k) = -6*k + 5*k - k**2 - 1 - p - 4*k. Let c(f) = -f**3 + 4*f**2 - 4. Let o be c(4). What is z(o)?
-2
Let t(s) = -9*s**2 + 6*s + 18. Let g(m) = -11*m**2 + 7*m + 19. Let w(c) = 4*g(c) - 5*t(c). Determine w(5).
1
Let d(v) = -v**2 - 12*v - 4. Suppose -s = 2*c - 6, 0 = s + s. Suppose -3*g - 5*b - 11 - 9 = 0, -c*g - 40 = -5*b. Calculate d(g).
16
Let j(l) = 2*l**2. Let v(m) = 11*m**2 - m + 4. Let z(s) = -6*j(s) + v(s). Let u = 14 - 8. Let o be (u/(-4))/(1/2). Give z(o).
-2
Let r(d) = d**3 + 8*d**2 + 13*d + 11. Let b = -2265 + 2259. Calculate r(b).
5
Let w(u) = u**3 + u**2 + u - 1. Suppose -21 = -2*q - 15. Let p(n) = -2*n**3 - n**2 - n + 4. Let y(m) = q*w(m) + p(m). Give y(-2).
-3
Let k(l) = 2*l**3 + l**2 - 5*l + 24. Let o be k(-3). Suppose -4*u = 5*r - 0 + 2, -5 = 5*r + 5*u. Let g(i) = -4 - 6*i - i**r - 3*i**2 + 3*i**2. Calculate g(o).
-4
Let x(u) be the first derivative of -u**3/3 + 3*u**2/2 - 2*u + 280. Determine x(1).
0
Let h(p) = -p**2 + p - 3. Let s(r) = -r**2 + 2*r - 5. Let x(z) = 7*h(z) - 4*s(z). Let t be (-1)/(((-68)/(-8))/17). Determine x(t).
-11
Let v(w) = -w + 6. Let f be v(20). Let d(x) = -5*x - 61. Let k be d(f). Let y(u) = u**3 - 10*u**2 + 10*u - 11. What is y(k)?
-2
Let u(a) = -a**3 - 2*a**2 + 2*a + 1. Let z be ((-15)/5 - -3)/(-2) + -2. Give u(z).
-3
Let p(g) = 11*g**3 - 14*g**2 + 12*g + 17. Let j(i) = -5*i**3 + 7*i**2 - 6*i - 8. Let x be 156/16 - (18/(-8) - -3). Let z(h) = x*j(h) + 4*p(h). Calculate z(6).
-4
Let b(w) be the first derivative of w**5/20 - w**4/3 - 38*w - 18. Let j(r) be the first derivative of b(r). Calculate j(2).
-8
Let f be (-98)/(-12) - ((-657)/(-54) + -12). Let d(w) = -w**3 + 7*w**2 + 12*w - 4. Give d(f).
28
Let j(p) = -28*p**2 + 86*p - 24. Let k(o) = -8*o**2 + 25*o - 7. Let h(m) = -5*j(m) + 18*k(m). Give h(5).
-6
Let i(n) be the first derivative of -5*n**2/2 - 918. Let h = -2 - -1. Calculate i(h).
5
Let b(v) = 6*v + 31. Let q(p) = -3*p - 2. Let u(i) = b(i) + 4*q(i). Determine u(5).
-7
Let p = 17 + -15. Let m(n) = 10*n - 2. Calculate m(p).
18
Let a(u) = -u**3 + 3*u**2 + 11*u + 10. Let g be a(6). Let l = g - -25. Let x(i) = i + 10. Calculate x(l).
3
Let a(d) = d**3 + 5*d**2 - 2*d - 6. Let t(g) be the second derivative of -g**3/6 - g**2/2 - 31*g. Let w(v) = a(v) - 3*t(v). What is w(-3)?
12
Let f(v) = -7*v**2 - 4*v - 5. Let d(g) = -g**2 - 1. Let m(b) = 5*d(b) - f(b). Let o be m(-3). Let u(w) = -w**2 + 4*w - 1. What is u(o)?
-13
Let j(q) = q**2 + 3 + 1 + 5 - 3*q + 10*q - 11. What is j(-7)?
-2
Let j(y) = -y**2 + y + 4. Let g = -23 + 7. Let f(u) = u**3 - 6*u**2 + 8*u - 28. Let s be f(5). Let h = s - g. Determine j(h).
-2
Let d(m) be the third derivative of m**4/24 + 2*m**3/3 - m**2 + 57*m. Determine d(3).
7
Let b(m) be the second derivative of m**4/12 - 4*m**3/3 + m**2/2 - 5*m + 3. Give b(4).
-15
Let c(w) = -w**2 + 5*w + 4. Suppose 2 = -2*h + 4*v, -5*h + 3*v + 1 = -15. Give c(h).
4
Let k(u) be the first derivative of -5/3*u**3 + 0*u - 6 - 1/24*u**4 + 0*u**2 + 1/15*u**5. Let r(f) be the third derivative of k(f). Calculate r(1).
7
Let c(l) = -5*l**2 - 6*l + 1 - 3 + l**3 + 2. Let p = -10 + 8. Let h be p/5 + (-64)/(-10). Calculate c(h).
0
Suppose -30 = 19*l - 13*l. Let b(q) = 0*q**2 + 2*q**2 - 6 - 7*q**2 - 3*q - q**3. Calculate b(l).
9
Let y(r) = 13*r**3 - 3*r**2 - 2*r - 3. Let g(l) = -2*l**3 + 1. Let n(o) = 6*g(o) + y(o). What is n(3)?
-3
Let q(l) = -4*l**2 + 9*l**2 + 773868171*l + l**3 - 773868168*l. Suppose 3*z = -w - 14, -5*z + 2*w - 7*w = 30. Give q(z).
4
Let c(i) = 11*i**3 - 3*i**2 - 5*i - 2. Let l(x) = 9*x**3 - 4*x**2 - 4*x - 1. Let r(y) = -4*c(y) + 5*l(y). Determine r(8).
3
Let h(j) be the third derivative of -j**5/60 + j**4/8 + j**3/3 + 51*j**2. Calculate h(-4).
-26
Let u(a) = 64*a - 318. Let y be u(5). Let t(i) = 3*i**3 + i**2 - 3*i + 2. Determine t(y).
24
Let y(j) be the second derivative of j**3/6 + 4*j**2 - 3*j. Let f(d) = -3*d + 18. Let x(u) = -10*u - 2. Let v be x(-1). Let o be f(v). Determine y(o).
2
Let s be (3/(-6))/((-3)/18). Suppose s*j = -4 + 1. Let u(q) = q + 6. Let v(f) = -f. Let w(x) = j*u(x) + 2*v(x). Give w(-5).
9
Let r(u) = -3*u + 8. Let c(f) = 6*f - 15. Let d(b) = -6*c(b) - 11*r(b). Let y(p) = p**2 - 34*p - 191. Let k be y(39). What is d(k)?
-10
Let o(h) = -7*h + 4. Let l = 248 + -245. Calculate o(l).
-17
Let i(k) = -k**3 + 10*k**2 + 10*k - 14. Suppose 20*a - 17 = -q + 22*a, 0 = -4*q - 4*a + 32. Determine i(q).
-25
Let d(y) = 2291*y - 1143*y + 2 - 1146*y. Determine d(4).
10
Let m(a) = -15*a**2 - 20*a - 26*a + 17*a**2 + 74*a - 27*a - 1. Give m(-1).
0
Suppose -14*t + 18*t = 0, -5*h + 25 = 4*t. Let r(o) = -o - 44 + 44. Calculate r(h).
-5
Suppose 0 = -2*a - 2*a + 16. Suppose -9*t + 13*t = 48. Suppose 4*o - a = t. Let f(s) = 3*s - 5. Give f(o).
7
Let o(m) = -5*m**2 - m + 1. Suppose -s - 8 = -3*c, -57*c = -52*c - 15. Calculate o(s).
-5
Let f(b) = 5*b**2 - 2*b - 1. Suppose 4*c = m - 6 - 0, -3*c - 4*m = -5. What is f(c)?
6
Let q(t) = -1 - 4*t**2 - t**3 + 0*t**3 - 4*t + 2*t**3. Let x = -13480 - -13485. Calculate q(x).
4
Let m(r) = 4*r**2 - 2*r + 3. Let h(z) = -z**2.